f (1/3)/(5/a)?
3, 5
Suppose 4*n - 2*l - 58 = -0*n, -5*l = 5*n - 35. Suppose -4*o + n = 0, 5*u - 6 = o + 11. Let g(f) = 2*f - 3. What are the prime factors of g(u)?
5
Let o(k) = -k. Let l be o(-5). Suppose 7 = l*w - 3. List the prime factors of 7 + (2 - (w + -3)).
2, 5
Let f = 21 - -14. Suppose 3*q + 2*x - 63 = -0*x, x = 2*q - f. Let m = q - 11. What are the prime factors of m?
2
Let o(l) = 6*l**2 + 4*l + 10. What are the prime factors of o(-3)?
2, 13
Suppose -4*f = f. Suppose f = 5*g, -5*c - 5*g + 160 = -g. What are the prime factors of c?
2
Suppose 2*l + 78 = 3*p, -2*p + 0*l - 4*l = -52. List the prime factors of p.
2, 13
Suppose 4 = -3*y - 5*k + 30, -18 = -5*y - 2*k. Let i be 0/(-1*(0 + y)). List the prime factors of i + 8 - (-9)/(-3).
5
Let f = -38 - -5. Let b be (-13)/(-11) + 6/f. Suppose -5*o + 2 = 2*m - 17, 2*o + 3*m = b. What are the prime factors of o?
5
Let v = -3 + 11. Let y(d) = -d**2 + 12*d - 5. List the prime factors of y(v).
3
Suppose 6 = 3*y - 9. Let t be (1/2)/(y/(-70)). Let b(f) = -f**3 - 6*f**2 + 6*f + 6. What are the prime factors of b(t)?
13
Let u = 9 - 15. Let t be (-3)/u - 158/(-4). Suppose 5*w = w + 4*q + t, -5*w + 30 = 5*q. List the prime factors of w.
2
Let h(t) = -8*t. What are the prime factors of h(-2)?
2
Let u(k) = k + 2. Let s be u(-2). Suppose s*r + 5*c = 2*r - 43, -3*r + 75 = 3*c. List the prime factors of ((-14)/(-8))/(3/r).
2, 7
What are the prime factors of (-2)/((-120)/28 - -4)?
7
Let p be -8 + 6 - (-8)/2. Let l(a) = -a**3 + 7*a**2 - 3*a - 7. Let s be l(5). Suppose -p*u = -o + 14, 2*u + s = 2*o + u. List the prime factors of o.
2, 7
Suppose 0*j = -2*j + 5*q, 4*j - 5*q = 0. Suppose t - 3*t = j. Suppose x + 4*c = -t*x - 16, -2*x + 13 = -c. What are the prime factors of x?
2
Let s(n) = 5*n**2 - 2*n - 1. What are the prime factors of s(-2)?
23
Let h = -4 - -4. Suppose h*y - 8 = -3*i - 5*y, -3*i = 3*y - 12. Suppose -34 = -5*b + i. List the prime factors of b.
2
Let h(m) = -14*m**3 + 2*m**2 + 4*m + 3. Let f be h(-2). Let l be (f/10)/((-2)/(-4)). Let n = -9 + l. What are the prime factors of n?
2, 7
Let t = 83 + 282. What are the prime factors of t?
5, 73
Let z = 15 - 17. What are the prime factors of ((-36)/z)/(9/12)?
2, 3
Let t = -7 - -23. What are the prime factors of t/(-5)*(-10 - 0)?
2
Suppose -f = -1 - 4. Let v be 2*(-1)/(-5)*f. What are the prime factors of v/(-4)*(1 + -15)?
7
Suppose -17 = 5*v - 167. What are the prime factors of v?
2, 3, 5
Let k = -4 + 6. Suppose 5 = -k*h + z + 4, 0 = 5*h + z - 15. Suppose 2 + 4 = h*v. What are the prime factors of v?
3
Let y(b) = -b**2 - 8*b + 2. Suppose 3*k - 24 = 6*k. Let p be y(k). What are the prime factors of 1/1 + p - -3?
2, 3
Let d(r) = -r**3 - r**2 + 7*r + 6. What are the prime factors of d(-4)?
2, 13
Let d = 6 + -3. Let x be (-1 + 1)/d - -26. Suppose s = 4*a + x, 0 = 5*s - 5*a + 2*a - 62. What are the prime factors of s?
2, 5
Let y be -2 + -2 + -2*2. Let j be (8/10)/(y/(-20)). Suppose j*b - 43 = -13. What are the prime factors of b?
3, 5
Let n = -3 + 5. Let l(k) = 3*k - 2*k + n*k. List the prime factors of l(2).
2, 3
Let c = -6 - 3. Let t(v) = v**3 + 10*v**2 + 8*v - 7. Let p be t(c). What are the prime factors of (-3)/(p/(20/(-3)))?
2, 5
Let a(d) = 3*d**2 - 14*d + 12. List the prime factors of a(7).
61
Let v(b) = -b**3 - 5*b**2 + 4*b - 5. Let t be v(-6). Let g = -5 + t. Suppose 1 = g*n - 5. What are the prime factors of n?
3
What are the prime factors of ((-40)/36)/(-5) + (-3774)/(-27)?
2, 5, 7
Let y(l) = -l**2 - 7*l - 2. Let f be y(-6). Suppose -2*o = f*s + 94, -o + 5*o - 76 = 3*s. Let v = s - -36. What are the prime factors of v?
2, 3
Let i = -7 - -17. Let b = 17 - i. List the prime factors of b.
7
Suppose -18*x = -16*x - 242. What are the prime factors of x?
11
Let o be (0 - 1*-1)*3. Let v = -53 - -102. Suppose -o*z = 1 - v. What are the prime factors of z?
2
Let j = -7 - -9. Let t = 5 - j. List the prime factors of t.
3
Let d = -7 - -7. Let i(p) = -p. Let j be i(d). Let r(y) = -y + 10. List the prime factors of r(j).
2, 5
Let f(k) be the third derivative of k**6/180 + k**4/24 - k**3/2 - 4*k**2. Let a(t) be the first derivative of f(t). What are the prime factors of a(-1)?
3
Suppose 0 = 2*w - 35 - 69. List the prime factors of w.
2, 13
Let s = 18 + -31. Suppose -5*v = -0*v + 10. List the prime factors of v - s*(1 - 0).
11
Suppose 2*p + 12 = 4*u + 6*p, 0 = -3*u - 4*p + 4. Let j = u - 6. List the prime factors of j.
2
Suppose -u + 5*d - 14 = 0, 4*u + 23 = d + 5. Let q be (-144)/(-10) + (-4)/10. Let y = q + u. List the prime factors of y.
2, 5
Let o(p) = -12*p + 6. List the prime factors of o(-13).
2, 3
Suppose m - 89 + 10 = 0. List the prime factors of m.
79
Let l be 2/(-8) + 65/4. Let o = -11 + l. Suppose -26 = 3*c - o*c. List the prime factors of c.
13
List the prime factors of (-20366)/(-221) + (-4)/26.
2, 23
Let m(y) = -y**2 - 7*y + 21. Suppose -2*x + 0*x - 18 = 0. What are the prime factors of m(x)?
3
Let d = 67 + -47. Let c(i) = -11*i**2. Let m be c(1). Let t = m + d. What are the prime factors of t?
3
Suppose -o - 3*w + 4 = 0, -o + 0*w = -2*w + 1. Let j = o - -16. What are the prime factors of j?
17
Let q = -107 - -358. What are the prime factors of q?
251
Let t(i) = -6*i + 4 + 0*i - 2 + 3*i. What are the prime factors of t(-2)?
2
Let o be (2/4)/((-7)/140). Let k = 1 - o. List the prime factors of k.
11
Let j(f) = -32*f + 2. Let y be j(1). What are the prime factors of (-8)/4*y/4?
3, 5
Suppose -3*g - 2*q = -224, 206 + 88 = 4*g + 5*q. List the prime factors of g.
2, 19
Let t(z) = 2*z**2 - 4*z + 3. Let v be t(3). Let y be 2 - v - (-5 + 3). Let a = 3 - y. What are the prime factors of a?
2
Let k(c) = 4*c**3 - 3*c**2 + 5*c. Let y(l) = l**3 + l. Let h(v) = -k(v) + 5*y(v). Let f be h(-3). List the prime factors of -1 - f - (0 + -12).
11
Let u(r) = -r**3 + 10*r**2. Let m be u(10). Suppose m*o + 44 = 4*o. List the prime factors of o.
11
Suppose 0*b = -3*b + 12. Suppose -3*s = -b + 1. Let a = 18 - s. List the prime factors of a.
17
Suppose 0*h + 4 = h. Suppose -h*l + 5*y - y = -76, 94 = 4*l + 5*y. What are the prime factors of l?
3, 7
Suppose 2*a - 4*k + 2 + 2 = 0, -2*k - 58 = 5*a. What are the prime factors of (-4)/a*5*17?
2, 17
Let f(i) = i**2 - 9*i + 4. Let m be f(9). Let g(x) = x - 1. What are the prime factors of g(m)?
3
Let c(f) be the third derivative of -f**6/120 + 3*f**5/20 - f**4/4 - 11*f**3/6 + f**2. Let s be 12/(-10)*-5 + 2. List the prime factors of c(s).
5
What are the prime factors of (6/7)/(6/21)?
3
Let w(u) = u**2 + 10*u - 1. Let c be w(-7). What are the prime factors of (c - -1)/(-3) - 3?
2
What are the prime factors of ((-32)/3)/((-2)/33)?
2, 11
Let v(b) = 10*b - 2. Let f be v(1). Let l = f - 5. Suppose -1 = l*p - 49. List the prime factors of p.
2
Suppose -m = 3*j - 18, -2*j = m + 3*j - 8. Let t(u) = -u**3 - 5*u**2 + 8*u - 1. Let p be t(-6). Let y = m + p. List the prime factors of y.
2, 5
Let s(a) = -9*a - 2. Let f(w) = -8*w - 1. Let h(x) = -4*f(x) + 3*s(x). List the prime factors of h(2).
2
Let c be 2 + 1 + 5 + -2. Suppose a = c*a - 15. Suppose -5*j = 3*s - 53, -3*j + 4*j + 29 = a*s. List the prime factors of s.
11
Suppose -5*a - 2 = -t + 2*t, -3*a - 9 = -2*t. List the prime factors of 3 + a/(0 + 1).
2
List the prime factors of 27 + ((-24)/(-1))/6.
31
Suppose -2*p + 0*p = 30. What are the prime factors of (p/20)/(1/(-32))?
2, 3
Let x(y) = -y**3 - y**2 + y - 1. Let f(h) = 5*h**2 - 6*h + 1. Let n(k) = f(k) - x(k). Let m be n(-6). Let p = -26 + m. What are the prime factors of p?
2, 3
Let y be 6/(-9)*(-1 - 2). Suppose -7 = -3*p - 2*k, -y*p - 3*p - k = -14. List the prime factors of (-2)/p + 51/9.
5
Let s(u) = u + 2. Let p be s(-8). Let b be 37/p + 2/12. List the prime factors of (-2)/3 + (-46)/b.
7
Let b(v) be the first derivative of -3*v**2/2 + 6*v + 3. Let q be b(-8). Suppose 6*r - 3*r = q. List the prime factors of r.
2, 5
Let a = 42 + -62. List the prime factors of a*3/12*-2.
2, 5
Let s(y) = y**3 - y**2 + 3*y - 2. Let z be s(3). Let a = -17 + z. List the prime factors of a.
2
Let n be 1/(-1)*(-2)/(-2). What are the prime factors of (2 - n)*20/12?
5
Suppose -30 = -2*q - 5*n + 3*n, 90 = 5*q + 2*n. Suppose -5*r - 4*d - 11 = -55, -5*d - q = 0. List the prime factors of r.
2, 3
Let m(x) = x**2 + 11*x + 6. Let a be m(-11). List the prime fact